{"id":21,"date":"2023-05-22T13:16:07","date_gmt":"2023-05-22T13:16:07","guid":{"rendered":"https:\/\/apfl.ch\/index.php\/home\/"},"modified":"2023-05-23T05:28:43","modified_gmt":"2023-05-23T05:28:43","slug":"home","status":"publish","type":"page","link":"https:\/\/apfl.ch\/index.php\/home\/","title":{"rendered":"Home"},"content":{"rendered":"<blockquote class=\"wp-block-quote\"><p>Wir sind spezialisiert im Vertrieb von Abdichtungen, Putze, Farben, Lacke, und bauchemische Produkte f\u00fcr den industriellen Einsatz, mit den jeweiligen Prozessoptimierungen bei den Applikationsmethoden.<br \/>\nUnsere verbunden Herstellwerke sind \u00fcberwiegend in Deutschland ans\u00e4ssig und liefern europaweit.<\/p><\/blockquote>\n<p>&#8230; ebenfalls ist das Thema <strong>&#8222;PrivateLabel&#8220;<\/strong><\/p>\n<blockquote class=\"wp-block-quote\"><p>f\u00fcr uns ein t\u00e4gliches Gesch\u00e4ft. Wir entwickeln zu individuellen Anforderungen die passenden und aufeinander abgestimmten Systemkomponenten, z.B. Innen- oder Au\u00dfend\u00e4mmsysteme unter eigener Marke des Kunden (System-Inverkehrbringer, etc).<\/p><\/blockquote>\n<p>Die Expertise unserer Mitarbeiter ist seit Jahrzehnten der Garant f\u00fcr die effektive Umsetzung unserer Kundenanforderungen mit hoch wirtschaftlichen Ergebnissen.<\/p>\n","protected":false},"excerpt":{"rendered":"<p>Wir sind spezialisiert im Vertrieb von Abdichtungen, Putze, Farben, Lacke, und bauchemische Produkte f\u00fcr den industriellen Einsatz, mit den jeweiligen Prozessoptimierungen bei den Applikationsmethoden. Unsere verbunden Herstellwerke sind \u00fcberwiegend in Deutschland ans\u00e4ssig und liefern europaweit. &#8230; ebenfalls ist das Thema &#8222;PrivateLabel&#8220; f\u00fcr uns ein t\u00e4gliches Gesch\u00e4ft. Wir entwickeln zu individuellen Anforderungen die passenden und aufeinander [&hellip;]<\/p>\n","protected":false},"author":1,"featured_media":0,"parent":0,"menu_order":0,"comment_status":"closed","ping_status":"closed","template":"","meta":{"footnotes":""},"class_list":["post-21","page","type-page","status-publish","hentry"],"_links":{"self":[{"href":"https:\/\/apfl.ch\/index.php\/wp-json\/wp\/v2\/pages\/21","targetHints":{"allow":["GET"]}}],"collection":[{"href":"https:\/\/apfl.ch\/index.php\/wp-json\/wp\/v2\/pages"}],"about":[{"href":"https:\/\/apfl.ch\/index.php\/wp-json\/wp\/v2\/types\/page"}],"author":[{"embeddable":true,"href":"https:\/\/apfl.ch\/index.php\/wp-json\/wp\/v2\/users\/1"}],"replies":[{"embeddable":true,"href":"https:\/\/apfl.ch\/index.php\/wp-json\/wp\/v2\/comments?post=21"}],"version-history":[{"count":1,"href":"https:\/\/apfl.ch\/index.php\/wp-json\/wp\/v2\/pages\/21\/revisions"}],"predecessor-version":[{"id":40,"href":"https:\/\/apfl.ch\/index.php\/wp-json\/wp\/v2\/pages\/21\/revisions\/40"}],"wp:attachment":[{"href":"https:\/\/apfl.ch\/index.php\/wp-json\/wp\/v2\/media?parent=21"}],"curies":[{"name":"wp","href":"https:\/\/api.w.org\/{rel}","templated":true}]}}